{"id":20,"date":"2020-05-07T09:08:47","date_gmt":"2020-05-07T09:08:47","guid":{"rendered":"https:\/\/www.irooildrilling.com\/span\/?page_id=20"},"modified":"2021-02-22T07:30:25","modified_gmt":"2021-02-22T07:30:25","slug":"infrastructure","status":"publish","type":"page","link":"https:\/\/www.irooildrilling.com\/span\/infrastructure\/","title":{"rendered":"Infraestructura"},"content":{"rendered":"<h1 class=\"welcome\"><strong>Infraestructura<\/strong><\/h1>\n<p>En los lugares de fabricaci\u00f3n con diferentes medias adicionales y las instalaciones de distribuci\u00f3n, IRO perforaciones petrol\u00edferas es de lejos la empresa de fabricaci\u00f3n de fluidos de perforaci\u00f3n m\u00e1s importantes de China.<\/p>\n<p>Sobre la base de modernas instalaciones de las materias primas hasta la entrega de bienes, cada operaci\u00f3n se realiza en nuestras propias instalaciones que nos hace m\u00e1s eficiente y rentable en nuestras operaciones, as\u00ed como garantizar los tiempos de entrega m\u00e1s cortos de entrega para nuestros clientes.<\/p>\n<p>Las instalaciones de fabricaci\u00f3n de la empresa incluyen mezcladores de alta capacidad de velocidad variable, reactores de acero inoxidable, una gama de secadores, mezcladores especiales, pulverizadores, molinos, autoclaves, condensadores. Esto, junto con los suficientes tanques de almacenamiento de las materias primas y otros equipos auxiliares de manejo de materiales garantizar cortos plazos de entrega y calidad constante.<\/p>\n<p>En cuanto a los envases, totalmente autom\u00e1ticos de ensacado y el liquido bastones generales dispensadores y carretillas elevadoras, y las bah\u00edas de carga de contenedores nos ayudan a ofrecer a los clientes una variedad de soluciones de embalaje personalizadas. Nos aseguramos de que todos los productos de los clientes se empaquetan seg\u00fan el requisito y el envasado se preste una adecuada no solo para ser entregado a la bodega del cliente, sino tambi\u00e9n para resistir las exigentes condiciones del sitio y los tiempos largos de almacenamiento.<\/p>\n<p>Nos entrega en todas partes: el personal altamente capacitado de log\u00edstica asegura que los productos se env\u00edan a tiempo y en la forma m\u00e1s r\u00e1pida posible. IRO perforaciones petrol\u00edferas Co., Ltd. Se enorgullece en la ejecuci\u00f3n exitosa de las \u00f3rdenes de unas toneladas m\u00e9tricas pocos miles de toneladas m\u00e9tricas en el tiempo y sin da\u00f1o o retraso. Nuestros productos son entregados sin demora a los m\u00e1s remotos rincones de la paneta.<\/p>\n","protected":false},"excerpt":{"rendered":"<p>Infraestructura En los lugares de fabricaci\u00f3n con diferentes medias adicionales y las instalaciones de distribuci\u00f3n, IRO perforaciones petrol\u00edferas es de lejos la empresa de fabricaci\u00f3n de fluidos de perforaci\u00f3n m\u00e1s importantes de China. Sobre la base de modernas instalaciones de las materias primas hasta la entrega de bienes, cada operaci\u00f3n se realiza en nuestras propias [&hellip;]<\/p>\n","protected":false},"author":1,"featured_media":0,"parent":0,"menu_order":0,"comment_status":"closed","ping_status":"closed","template":"","meta":{"footnotes":""},"class_list":["post-20","page","type-page","status-publish","hentry"],"yoast_head":"<!-- This site is optimized with the Yoast SEO plugin v27.2 - https:\/\/yoast.com\/product\/yoast-seo-wordpress\/ -->\n<title>Infraestructura - IRO perforaciones petrol\u00edferas qu\u00edmicas Co., Ltd.<\/title>\n<meta name=\"description\" content=\"En los lugares de fabricaci\u00f3n con diferentes medias adicionales y las instalaciones de distribuci\u00f3n, IRO perforaciones petrol\u00edferas es de lejos la empresa de fabricaci\u00f3n de fluidos de perforaci\u00f3n m\u00e1s importantes de China.\" \/>\n<meta name=\"robots\" content=\"index, follow, max-snippet:-1, max-image-preview:large, max-video-preview:-1\" \/>\n<link rel=\"canonical\" href=\"https:\/\/www.irooildrilling.com\/span\/infrastructure\/\" \/>\n<meta property=\"og:locale\" content=\"es_ES\" \/>\n<meta property=\"og:type\" content=\"article\" \/>\n<meta property=\"og:title\" content=\"Infraestructura - IRO perforaciones petrol\u00edferas qu\u00edmicas Co., Ltd.\" \/>\n<meta property=\"og:description\" content=\"En los lugares de fabricaci\u00f3n con diferentes medias adicionales y las instalaciones de distribuci\u00f3n, IRO perforaciones petrol\u00edferas es de lejos la empresa de fabricaci\u00f3n de fluidos de perforaci\u00f3n m\u00e1s importantes de China.\" \/>\n<meta property=\"og:url\" content=\"https:\/\/www.irooildrilling.com\/span\/infrastructure\/\" \/>\n<meta property=\"og:site_name\" content=\"IRO perforaciones petrol\u00edferas qu\u00edmicas Co., Ltd.\" \/>\n<meta property=\"article:modified_time\" content=\"2021-02-22T07:30:25+00:00\" \/>\n<meta name=\"twitter:card\" content=\"summary_large_image\" \/>\n<meta name=\"twitter:label1\" content=\"Tiempo de lectura\" \/>\n\t<meta name=\"twitter:data1\" content=\"2 minutos\" \/>\n<!-- \/ Yoast SEO plugin. -->","yoast_head_json":{"title":"Infraestructura - IRO perforaciones petrol\u00edferas qu\u00edmicas Co., Ltd.","description":"En los lugares de fabricaci\u00f3n con diferentes medias adicionales y las instalaciones de distribuci\u00f3n, IRO perforaciones petrol\u00edferas es de lejos la empresa de fabricaci\u00f3n de fluidos de perforaci\u00f3n m\u00e1s importantes de China.","robots":{"index":"index","follow":"follow","max-snippet":"max-snippet:-1","max-image-preview":"max-image-preview:large","max-video-preview":"max-video-preview:-1"},"canonical":"https:\/\/www.irooildrilling.com\/span\/infrastructure\/","og_locale":"es_ES","og_type":"article","og_title":"Infraestructura - IRO perforaciones petrol\u00edferas qu\u00edmicas Co., Ltd.","og_description":"En los lugares de fabricaci\u00f3n con diferentes medias adicionales y las instalaciones de distribuci\u00f3n, IRO perforaciones petrol\u00edferas es de lejos la empresa de fabricaci\u00f3n de fluidos de perforaci\u00f3n m\u00e1s importantes de China.","og_url":"https:\/\/www.irooildrilling.com\/span\/infrastructure\/","og_site_name":"IRO perforaciones petrol\u00edferas qu\u00edmicas Co., Ltd.","article_modified_time":"2021-02-22T07:30:25+00:00","twitter_card":"summary_large_image","twitter_misc":{"Tiempo de lectura":"2 minutos"},"schema":{"@context":"https:\/\/schema.org","@graph":[{"@type":"WebPage","@id":"https:\/\/www.irooildrilling.com\/span\/infrastructure\/","url":"https:\/\/www.irooildrilling.com\/span\/infrastructure\/","name":"Infraestructura - IRO perforaciones petrol\u00edferas qu\u00edmicas Co., Ltd.","isPartOf":{"@id":"https:\/\/www.irooildrilling.com\/span\/#website"},"datePublished":"2020-05-07T09:08:47+00:00","dateModified":"2021-02-22T07:30:25+00:00","description":"En los lugares de fabricaci\u00f3n con diferentes medias adicionales y las instalaciones de distribuci\u00f3n, IRO perforaciones petrol\u00edferas es de lejos la empresa de fabricaci\u00f3n de fluidos de perforaci\u00f3n m\u00e1s importantes de China.","breadcrumb":{"@id":"https:\/\/www.irooildrilling.com\/span\/infrastructure\/#breadcrumb"},"inLanguage":"es","potentialAction":[{"@type":"ReadAction","target":["https:\/\/www.irooildrilling.com\/span\/infrastructure\/"]}]},{"@type":"BreadcrumbList","@id":"https:\/\/www.irooildrilling.com\/span\/infrastructure\/#breadcrumb","itemListElement":[{"@type":"ListItem","position":1,"name":"Portada","item":"https:\/\/www.irooildrilling.com\/span\/"},{"@type":"ListItem","position":2,"name":"Infraestructura"}]},{"@type":"WebSite","@id":"https:\/\/www.irooildrilling.com\/span\/#website","url":"https:\/\/www.irooildrilling.com\/span\/","name":"IRO perforaciones petrol\u00edferas qu\u00edmicas Co., Ltd.","description":"","potentialAction":[{"@type":"SearchAction","target":{"@type":"EntryPoint","urlTemplate":"https:\/\/www.irooildrilling.com\/span\/?s={search_term_string}"},"query-input":{"@type":"PropertyValueSpecification","valueRequired":true,"valueName":"search_term_string"}}],"inLanguage":"es"}]}},"_links":{"self":[{"href":"https:\/\/www.irooildrilling.com\/span\/wp-json\/wp\/v2\/pages\/20","targetHints":{"allow":["GET"]}}],"collection":[{"href":"https:\/\/www.irooildrilling.com\/span\/wp-json\/wp\/v2\/pages"}],"about":[{"href":"https:\/\/www.irooildrilling.com\/span\/wp-json\/wp\/v2\/types\/page"}],"author":[{"embeddable":true,"href":"https:\/\/www.irooildrilling.com\/span\/wp-json\/wp\/v2\/users\/1"}],"replies":[{"embeddable":true,"href":"https:\/\/www.irooildrilling.com\/span\/wp-json\/wp\/v2\/comments?post=20"}],"version-history":[{"count":0,"href":"https:\/\/www.irooildrilling.com\/span\/wp-json\/wp\/v2\/pages\/20\/revisions"}],"wp:attachment":[{"href":"https:\/\/www.irooildrilling.com\/span\/wp-json\/wp\/v2\/media?parent=20"}],"curies":[{"name":"wp","href":"https:\/\/api.w.org\/{rel}","templated":true}]}}